. Determine a(10).
-22
Let x(j) = 4*j**3 + 61*j**2 - 217*j + 10. Give x(3).
16
Let n(w) = 58*w + 412. Determine n(-4).
180
Let i(w) = -9*w**2 - 25*w - 3. What is i(-4)?
-47
Let t(m) = 7636*m - 7642. What is t(1)?
-6
Let z(q) = 12*q**2 - 4*q + 1. Give z(5).
281
Let r(x) = -x**2 + 6346*x + 38117. Determine r(-6).
5
Let h(r) = -1804*r - 10931. Calculate h(-6).
-107
Let f(q) = q**2 + 203*q + 6148. Determine f(-37).
6
Let w(z) = 4*z**3 - 22*z**2 + 65. Calculate w(4).
-31
Let f(l) = 5*l**2 + 12*l - 13. Give f(-6).
95
Let t(m) = 7*m**2 + 318*m - 63. Calculate t(-45).
-198
Let m(q) = -8*q**2 + 187*q - 1119. Calculate m(7).
-202
Let t(r) = r**3 + 23*r**2 - 54*r + 201. Calculate t(-27).
-1257
Let a(u) = 4*u**3 + 331*u**2 + 239*u - 581. What is a(-82)?
-7
Let x(g) = -3*g**3 + 237*g + 60. Give x(9).
6
Let u(b) = 69*b**3 + b**2 + 124*b + 125. Calculate u(-1).
-67
Let s(k) = k**3 + 32*k**2 + 53*k - 193. Calculate s(-30).
17
Let m(p) = 3*p**2 + 110*p + 38. Calculate m(-36).
-34
Let d(m) = m**3 - 7*m**2 + 11*m - 22. Give d(5).
-17
Let b(u) = u**3 + 6*u**2 - 17*u + 62. Determine b(-9).
-28
Let q(h) = 10*h - 65. What is q(5)?
-15
Let z(s) = 657*s - 6106. What is z(9)?
-193
Let w(r) = -2*r**2 + 90*r + 1512. Determine w(58).
4
Let z(l) = -l**2 - 109*l - 2478. Give z(-34).
72
Let l(v) = -203*v + 3246. Give l(16).
-2
Let s(h) = -h**2 - 53*h + 379. Calculate s(7).
-41
Let c(b) = 3*b**3 + 69*b**2 + 68*b + 51. Give c(-22).
7
Let y(w) = w**2 - 74*w + 833. What is y(60)?
-7
Let q(a) = -536*a**2 - 108*a + 104. What is q(1)?
-540
Let p(u) = u**3 + 64*u**2 - 62*u + 184. Determine p(-65).
-11
Let b(v) = 161*v - 26397. What is b(164)?
7
Let c(l) = -l**3 - 17*l**2 + 40*l + 58. What is c(3)?
-2
Let k(i) = 87*i - 267. Determine k(8).
429
Let v(s) = -69*s + 1581. Determine v(21).
132
Let q(l) = -l**2 - 249*l - 1699. Determine q(-7).
-5
Let f(c) = -4*c**2 + 175*c + 3. What is f(0)?
3
Let a(u) = -29*u**2 - 20*u + 1. Determine a(-3).
-200
Let x(s) = -141*s + 2646. Calculate x(19).
-33
Let p(v) = 2*v**3 - 19*v**2 + 10*v + 25. Give p(8).
-87
Let c(i) = 27*i**3 + 4*i**2 - 9*i - 40. What is c(-3)?
-706
Let j(z) = -10*z - 86. Calculate j(-10).
14
Let d(y) = -9*y + 263. What is d(32)?
-25
Let w(k) = 3*k**2 + 139*k - 699. Give w(-52).
185
Let p(h) = -h - 222. What is p(-37)?
-185
Let p(j) = -3*j**2 - 42*j + 43. What is p(-14)?
43
Let c(f) = 19*f - 8. Calculate c(6).
106
Let c(p) = 2*p**3 - 7*p**2 + 354*p - 1775. What is c(5)?
70
Let t(w) = 2*w**3 - 52*w**2 + 1. Calculate t(26).
1
Let q(l) = -4417*l - 39748. Determine q(-9).
5
Let o(j) = -j**2 + 34*j - 259. Determine o(13).
14
Let z(g) = -5*g**3 - 14*g**2 + 167*g + 175. What is z(-1)?
-1
Let n(i) = i**2 - 3*i - 187. Give n(-11).
-33
Let o(y) = y**2 + 215*y + 3180. Determine o(-16).
-4
Let l(m) = -m**3 + 8*m**2 + 3*m + 28. Give l(9).
-26
Let a(l) = -12*l**2 + 676*l - 226. Calculate a(56).
-2
Let c(m) = -m**2 + 82*m + 492. Give c(87).
57
Let x(w) = w**3 + 38*w**2 - 200*w + 9. What is x(5)?
84
Let g(y) = -4*y**2 + 52*y + 88. Give g(14).
32
Let d(w) = -w**3 + 108*w**2 + 934*w - 700. Determine d(116).
-4
Let u(p) = 126*p + 775. Calculate u(-7).
-107
Let d(u) = 2*u**3 - 31*u**2 + 32*u - 31. Calculate d(14).
-171
Let x(c) = 23*c - 792. What is x(34)?
-10
Let n(g) = 10*g + 153. Determine n(-10).
53
Let f(i) = i**3 + 33*i**2 + 70*i + 1430. What is f(-32)?
214
Let r(m) = 18*m**2 - 19*m + 19. Calculate r(-3).
238
Let o(l) = -75*l + 3806. Give o(50).
56
Let r(t) = -248*t**3 + t**2 + 9*t + 9. Determine r(-1).
249
Let g(a) = 10*a**3 - 5*a**2 + 14*a - 13. Determine g(1).
6
Let i(u) = -36*u + 487. What is i(13)?
19
Let j(y) = 45*y - 2310. What is j(51)?
-15
Let f(b) = b**3 + 7*b**2 - 34*b + 1. Give f(4).
41
Let j(a) = a**3 + 5*a**2 + 6*a - 13. Give j(2).
27
Let f(o) = -o**2 - 38*o + 117. Determine f(3).
-6
Let w(y) = 27*y. Give w(-2).
-54
Let r(a) = -16*a - 608. Give r(-38).
0
Let z(s) = -s**3 + 13*s**2 - 617*s + 5229. Calculate z(9).
0
Let a(m) = m**3 - 8*m**2 - 153*m - 57. Give a(-9).
-57
Let j(b) = 282*b + 587. What is j(-2)?
23
Let d(m) = 2*m**3 - 3*m - 4. Determine d(-2).
-14
Let c(y) = 10*y + 79. Determine c(0).
79
Let d(h) = 711*h - 17031. What is d(24)?
33
Let a(u) = -u**3 + 18*u**2 + 5*u + 8. Give a(18).
98
Let z(l) = 2*l**2 - 114*l + 340. What is z(0)?
340
Let h(n) = 76*n - 21. Calculate h(-4).
-325
Let f(l) = 2*l**3 - 29*l**2 + 27*l + 665. Give f(10).
35
Let n(m) = 7*m**2 - 2*m - 9. Give n(-4).
111
Let q(t) = 579*t - 1825. What is q(3)?
-88
Let w(a) = -11*a + 674. Give w(56).
58
Let b(p) = -3*p**3 - 7*p**2 + 15*p - 28. What is b(-4)?
-8
Let x(l) = l**2 - 35*l + 65. Determine x(31).
-59
Let l(b) = 15*b**3 - b**2 - 15*b - 6. Give l(3).
345
Let m(u) = u**2 - 25*u - 25. Give m(27).
29
Let w(i) = i + 86. What is w(-22)?
64
Let q(n) = -182*n + 865. Determine q(7).
-409
Let q(o) = -324*o + 3209. Determine q(10).
-31
Let y(d) = 2*d**3 + 5*d**2 - 41*d + 29. What is y(3)?
5
Let q(t) = t**3 - 12*t**2 - 42*t + 6. Determine q(15).
51
Let u(l) = l**2 + 21*l + 105. Determine u(-16).
25
Let v(f) = -f**3 + 14*f - 24. What is v(3)?
-9
Let j(q) = q**2 - 54*q - 962. Calculate j(-14).
-10
Let j(d) = 7113*d + 28474. What is j(-4)?
22
Let d(b) = -33*b + 475. Give d(14).
13
Let j(z) = z**3 + 42*z**2 + 103*z + 301. Determine j(-39).
847
Let v(i) = -i**2 + 60*i + 190. Determine v(-6).
-206
Let m(f) = -2*f**3 - 246*f**2 - 247*f - 364. Calculate m(-122).
2
Let v(y) = 153*y - 1809. Calculate v(12).
27
Let b(j) = 14*j**3 + 38*j**2 + j - 4. Determine b(-3).
-43
Let a(o) = 9*o**2 + 49*o - 30. Determine a(-6).
0
Let s(j) = 1289*j + 37369. What is s(-29)?
-12
Let p(g) = 44*g + 1143. Give p(-29).
-133
Let j(w) = -w**3 + 24*w**2 - 31*w - 10. What is j(22)?
276
Let u(r) = -94*r**2 + 2539*r - 32. What is u(27)?
-5
Let l(o) = 160*o**2 - 4636*o - 113. Give l(29).
3
Let o(j) = -14*j**2 - 3*j + 337. Give o(6).
-185
Let h(c) = c**3 - 205*c**2 + 1382*c + 18. Determine h(7).
-10
Let x(z) = 180*z + 8271. Give x(-46).
-9
Let z(a) = -28*a + 168. Determine z(7).
-28
Let a(m) = m**3 + 10*m**2 - 126*m - 1278. Give a(-10).
-18
Let i(d) = 37*d + 3569. Determine i(-97).
-20
Let z(a) = -102*a + 2371. Give z(23).
25
Let o(q) = -14*q**2 + 61*q + 140. Give o(6).
2
Let b(o) = 2*o**3 - 8*o**2 - 17*o + 41. Calculate b(5).
6
Let m(d) = -4*d**3 - 3*d**2 - 13*d - 19. Calculate m(-2).
27
Let x(l) = l**2 - 40*l - 101. Calculate x(29).
-420
Let j(x) = -16*x + 221. Determine j(18).
-67
Let h(j) = 3*j**2 + 11*j - 108. What is h(-8)?
-4
Let b(o) = -438*o - 915. Calculate b(-2).
-39
Let o(p) = p**3 + 7*p**2 + 15*p + 12. Determine o(-4).
0
Let d(y) = 19*y - 537. Determine d(30).
33
Let b(h) = -h**3 + 94*h**2 + 930*h - 348. Give b(103).
-39
Let i(d) = -4*d**2 - 54*d - 43. Give i(-10).
97
Let t(y) = -1060*y + 33914. Calculate t(32).
-6
Let y(d) = d**3 - 12*d**2 + 24*d + 106. Give y(9).
79
Let y(s) = -s**3 + 5*s**2 - 11*s - 2. What is y(7)?
-177
Let c(p) = -97*p - 24. What is c(-3)?
267
Let y(w) = -2*w**2 + 90*w + 183. What is y(-2)?
-5
Let o(p) = 62*p + 115. Determine o(-2).
-9
Let s(a) = -6*a + 271. Calculate s(37).
49
Let c(v) = -16*v**2 - 1457*v - 89. Determine c(-91).
2
Let g(t) = -t**3 + 40*t**2 + 74*t + 382. What is g(42)?
-38
Let h(x) = x**2 + 29*x - 4611. Give h(-84).
9
Let y(q) = -3*q**3 - q**2 + 72*q + 205. Determine y(-3).
61
Let x(w) = -521*w - 2598. Give x(-5).
7
Let z(f) = 47*f - 32. What is z(2)?
62
Let j(x) = 3305*x - 36366. What is j(11)?
-11
Let b(y) = 53*y + 151. Determine b(-3).
-8
Let y(a) = -35*a**2 + 24*a + 53. Give y(-2).
-135
Let z(i) = -i**3 + 35*i**2 + 78*i - 142. What is z(37)?
6
Let b(d) = -2*d**2 + 175*d - 3743. Determine b(37).
-6
Let i(n) = -204*n - 1710. Determine i(-8).
-78
Let v(j) = -8*j**2 + 380*j - 182. Determine v(47).
6
Let m(g) = g**3 - 16*g**2 - 10*g - 72. Determine m(18).
396
Let o(q) = -57*q + 71. Calculate o(3).
-100
Let r(x) = -2*x**3 + 6*x**2 + 128*x - 11. Calculate r(-7).
73
Let b(w) = -2*w**3 + 58*w**2 + 419*w + 60. Determine b(35).
25
Let f(b) = -b**2 + 19*b - 55. Give f(5).
15
Let a(d) = d**2 - 64*d + 1080. Calculate a(38).
92
Let o(w) = 5*w**2 - 137*w + 11. What is o(27)?
-43
Let t(d) = -7*d**2 - 16*d - 32. Give t(-4).
-80
Let y(v) = -v**2 - 2*v + 17. Give y(-7).
-18
Let b(a) = 174*a + 806. What is b(-5)?
-64
Let a(m) = -151*m - 15. Give a(1).
-166
Let f(c) = 2